{"id":747,"date":"2023-04-20T21:39:38","date_gmt":"2023-04-20T19:39:38","guid":{"rendered":"https:\/\/www.lerucherduperigord.fr\/?page_id=747"},"modified":"2025-01-10T22:47:55","modified_gmt":"2025-01-10T21:47:55","slug":"sauver-les-abeilles","status":"publish","type":"page","link":"https:\/\/www.lerucherduperigord.fr\/index.php\/sauver-les-abeilles\/","title":{"rendered":"Sauver les abeilles"},"content":{"rendered":"<p>Le Rucher du P\u00e9rigord, premier syndicat apicole du d\u00e9partement, a un r\u00e9seau d&rsquo;apiculteurs adh\u00e9rant au syndicat sur tout le territoire de la Dordogne.<br \/>\nSi vous rep\u00e9rez un essaim d&rsquo;abeilles, il y a s\u00fbrement un apiculteur \u00e0 proximit\u00e9, int\u00e9ress\u00e9 pour le r\u00e9cup\u00e9rer et lui offrir un nouvel habitat dans son rucher.<br \/>\nCette intervention est gratuite et n&rsquo;est possible que si l&rsquo;essaim est accessible en toute s\u00e9curit\u00e9. Nous ne les r\u00e9cup\u00e9rons pas dans les chemin\u00e9es et n&rsquo;intervenons que pour les abeilles.<br \/>\nVous pouvez contacter Jean-Pierre CLUZEAU, pr\u00e9sident, au 06 16 70 71 96 ou Marie-Rose PATRIARCA, secr\u00e9taire, au 06 14 33 47 65. Nous vous dirigerons vers des apiculteurs locaux. En cas d&rsquo;absence, veuillez laisser un message avec les coordonn\u00e9es de la personne chez qui se trouve cet essaim: nom, pr\u00e9nom, adresse, commune, code postal et num\u00e9ro de t\u00e9l\u00e9phone.<br \/>\nUn essaim arriv\u00e9 dans votre jardin reste peu de temps sur place avant de repartir \u00e0 la recherche d&rsquo;un nouvel habitat, alors pr\u00e9venez-nous rapidement. Nous vous mettrons en relation avec un apiculteur \u00e0 proximit\u00e9 de chez vous qui se rendra sur place.<br \/>\nNous vous remercions de participer \u00e0 la protection et la sauvegarde des abeilles, elles sont en voie de disparition et la production apicole fran\u00e7aise est en forte diminution.<\/p>\n<p>&nbsp;<\/p>\n<p><img loading=\"lazy\" class=\"size-full wp-image-749 aligncenter\" src=\"https:\/\/www.lerucherduperigord.fr\/wp-content\/uploads\/2023\/04\/279634774_460132389215285_7014974048933763940_n.jpg\" alt=\"\" width=\"435\" height=\"580\" srcset=\"https:\/\/www.lerucherduperigord.fr\/wp-content\/uploads\/2023\/04\/279634774_460132389215285_7014974048933763940_n.jpg 435w, https:\/\/www.lerucherduperigord.fr\/wp-content\/uploads\/2023\/04\/279634774_460132389215285_7014974048933763940_n-225x300.jpg 225w\" sizes=\"(max-width: 435px) 100vw, 435px\" \/><\/p>\n","protected":false},"excerpt":{"rendered":"Le Rucher du P\u00e9rigord, premier syndicat apicole du d\u00e9partement, a un r\u00e9seau d&rsquo;apiculteurs adh\u00e9rant au syndicat sur tout le territoire de la Dordogne. Si vous rep\u00e9rez un essaim d&rsquo;abeilles, il y a s\u00fbrement un apiculteur \u00e0 proximit\u00e9, int\u00e9ress\u00e9 pour le r\u00e9cup\u00e9rer et lui offrir un nouvel habitat dans son rucher. Cette intervention est gratuite et&hellip; <p class=\"toivo-read-more\"><a href=\"https:\/\/www.lerucherduperigord.fr\/index.php\/sauver-les-abeilles\/\" class=\"more-link\">Lire la suite <span class=\"screen-reader-text\">Sauver les abeilles<\/span><\/a><\/p>","protected":false},"author":1,"featured_media":0,"parent":0,"menu_order":0,"comment_status":"closed","ping_status":"closed","template":"","meta":[],"_links":{"self":[{"href":"https:\/\/www.lerucherduperigord.fr\/index.php\/wp-json\/wp\/v2\/pages\/747"}],"collection":[{"href":"https:\/\/www.lerucherduperigord.fr\/index.php\/wp-json\/wp\/v2\/pages"}],"about":[{"href":"https:\/\/www.lerucherduperigord.fr\/index.php\/wp-json\/wp\/v2\/types\/page"}],"author":[{"embeddable":true,"href":"https:\/\/www.lerucherduperigord.fr\/index.php\/wp-json\/wp\/v2\/users\/1"}],"replies":[{"embeddable":true,"href":"https:\/\/www.lerucherduperigord.fr\/index.php\/wp-json\/wp\/v2\/comments?post=747"}],"version-history":[{"count":5,"href":"https:\/\/www.lerucherduperigord.fr\/index.php\/wp-json\/wp\/v2\/pages\/747\/revisions"}],"predecessor-version":[{"id":859,"href":"https:\/\/www.lerucherduperigord.fr\/index.php\/wp-json\/wp\/v2\/pages\/747\/revisions\/859"}],"wp:attachment":[{"href":"https:\/\/www.lerucherduperigord.fr\/index.php\/wp-json\/wp\/v2\/media?parent=747"}],"curies":[{"name":"wp","href":"https:\/\/api.w.org\/{rel}","templated":true}]}}

<p>Le Rucher du Périgord, premier syndicat apicole du département, a un réseau d&rsquo;apiculteurs adhérant au syndicat sur tout le territoire de la Dordogne.<br />
Si vous repérez un essaim d&rsquo;abeilles, il y a sûrement un apiculteur à proximité, intéressé pour le récupérer et lui offrir un nouvel habitat dans son rucher.<br />
Cette intervention est gratuite et n&rsquo;est possible que si l&rsquo;essaim est accessible en toute sécurité. Nous ne les récupérons pas dans les cheminées et n&rsquo;intervenons que pour les abeilles.<br />
Vous pouvez contacter Jean-Pierre CLUZEAU, président, au 06 16 70 71 96 ou Marie-Rose PATRIARCA, secrétaire, au 06 14 33 47 65. Nous vous dirigerons vers des apiculteurs locaux. En cas d&rsquo;absence, veuillez laisser un message avec les coordonnées de la personne chez qui se trouve cet essaim: nom, prénom, adresse, commune, code postal et numéro de téléphone.<br />
Un essaim arrivé dans votre jardin reste peu de temps sur place avant de repartir à la recherche d&rsquo;un nouvel habitat, alors prévenez-nous rapidement. Nous vous mettrons en relation avec un apiculteur à proximité de chez vous qui se rendra sur place.<br />
Nous vous remercions de participer à la protection et la sauvegarde des abeilles, elles sont en voie de disparition et la production apicole française est en forte diminution.</p>
<p>&nbsp;</p>
<p><img loading="lazy" class="size-full wp-image-749 aligncenter" src="https://www.lerucherduperigord.fr/wp-content/uploads/2023/04/279634774_460132389215285_7014974048933763940_n.jpg" alt="" width="435" height="580" srcset="https://www.lerucherduperigord.fr/wp-content/uploads/2023/04/279634774_460132389215285_7014974048933763940_n.jpg 435w, https://www.lerucherduperigord.fr/wp-content/uploads/2023/04/279634774_460132389215285_7014974048933763940_n-225x300.jpg 225w" sizes="(max-width: 435px) 100vw, 435px" /></p>

Le Rucher du Périgord, premier syndicat apicole du département, a un réseau d&rsquo;apiculteurs adhérant au syndicat sur tout le territoire de la Dordogne. Si vous repérez un essaim d&rsquo;abeilles, il y a sûrement un apiculteur à proximité, intéressé pour le récupérer et lui offrir un nouvel habitat dans son rucher. Cette intervention est gratuite et&hellip; <p class="toivo-read-more"><a href="https://www.lerucherduperigord.fr/index.php/sauver-les-abeilles/" class="more-link">Lire la suite <span class="screen-reader-text">Sauver les abeilles</span></a></p>
